1/6*w**4 - 1/120*w**6 + 2/3*w**3 + 1/10*w**5 + 0*w + 0 + 3*w**2. List the prime factors of n(5).
3
Let v = 5 + -2. Suppose -v*u + 37 = -2. Suppose -u = -5*j - 2*x, 4*j = -4*x + 4 + 4. What are the prime factors of j?
3
Let a(o) = 4*o**2 + o. Let l be a(-2). Let i = l - 6. What are the prime factors of 62/i - (-4)/16?
2
Let u(j) be the second derivative of -7*j**2 + 0 + 3*j - 5/6*j**4 - 1/20*j**5 - 1/3*j**3. What are the prime factors of u(-10)?
2, 3
Let k = 9 + 37. List the prime factors of k.
2, 23
Let d be 1/(-4) - 314/(-8). Suppose l + 0*o = -2*o + 55, 0 = o. Let n = l - d. What are the prime factors of n?
2
Let l be 4/26 - 4512/(-78). Suppose 4*r - 16 = 0, -2*r + 7*r = -2*i + l. List the prime factors of i.
19
Let k = 11 - -12. Let i = -11 + k. List the prime factors of i.
2, 3
Let r(z) be the first derivative of z**4/4 + z**3/3 - z**2/2 + 9*z + 1. List the prime factors of r(0).
3
Suppose 0*u + u - 5 = 0. Let o be 1/2 + (-2)/4. Suppose 20 = f + u*p - 7, o = f - 5*p + 23. What are the prime factors of f?
2
Suppose 12 = 5*b - 2*b. Suppose 5*x = b*x + 23. List the prime factors of x.
23
Suppose -h + 197 = i, 4*i + i = h + 961. What are the prime factors of i?
193
Let r be (-8)/40 + 31/5. Suppose r + 4 = -5*h. What are the prime factors of (-2)/(h/(-4) - 1)?
2
Let h(j) = -j**3 - 4*j**2 - j. Let t be h(-4). Suppose -4*a + 27 = 2*g - a, t*g - 4*a = 4. What are the prime factors of g?
2, 3
Let t = 9 + -7. Let n be (-2120)/(-50) - t/5. Suppose 7*h + a = 3*h + n, -3*a = -5*h + 44. List the prime factors of h.
2, 5
Suppose -4 = -q + i, i + 1 = -2*q + 3. Suppose 13 = 6*f - 3*f + q*x, 2*x + 7 = f. Suppose -4*c + 76 = -f*l + l, c - 43 = -5*l. List the prime factors of c.
23
Suppose 0 = -4*a + 40 + 60. Suppose a = 3*w - 2*w. What are the prime factors of w?
5
Let w be (10 - 7)/(6/(-8)). What are the prime factors of (-18)/(-4) + 6/w?
3
Let k = 31 - -17. List the prime factors of k.
2, 3
What are the prime factors of -3 - (-3 - 110) - (6 - 3)?
107
Suppose j = 97 - 7. Suppose -o = 4*o - j. What are the prime factors of o?
2, 3
Let h = 10 + -8. Suppose 6*l - h*l - 8 = 0. Suppose -l*s + 20 = -0*s. List the prime factors of s.
2, 5
Let r(g) be the first derivative of 8*g + 1 - 7/2*g**2 + 1/3*g**3. What are the prime factors of r(6)?
2
Let z(t) = -t**3 + 8*t**2 + 4. Let w(s) = -s**3 - 15*s**2 - 2*s - 22. Let g be w(-15). What are the prime factors of z(g)?
2
Suppose -2*p = -5*m + 66, -p = -0 - 2. Suppose 4*g - m - 54 = 0. List the prime factors of g.
17
List the prime factors of (8/10)/((-6)/(-345)).
2, 23
Let c be 129/9 - (-4)/6. Suppose c = 2*m + m. What are the prime factors of m?
5
Let f = 23 + -8. Let h be -2 + (-6)/(-2) + f. Suppose -s - h = -4*s - 4*j, -5*j - 13 = s. List the prime factors of s.
2, 3
Suppose -15 = 3*v, v = -2*p + p - 5. Suppose p = 4*g - 11 + 3. Suppose -t + 10 = -g. What are the prime factors of t?
2, 3
Suppose -2*k - 102 = -2*z + 346, k = -z + 230. List the prime factors of z.
227
Let c(o) = -2*o**2 - 12*o + 6. List the prime factors of c(-6).
2, 3
Let w(g) = 3*g + 0*g - 5 + 0*g + g**2 + 0*g. Let p(c) = c. Let d be p(-5). List the prime factors of w(d).
5
Suppose s - 2*b = 4*s - 75, 0 = -3*s + 2*b + 75. What are the prime factors of s?
5
Let q(c) = 5*c - 6. Let t be q(6). Let b be -9*(3 - 13/3). Let x = t - b. What are the prime factors of x?
2, 3
Suppose 3*m + 36 = -m. Let n = 6 + m. List the prime factors of 10 + -1 + n/3.
2
Let v(z) = -4*z + 4. Let j(r) = 5*r - 4. Let g(h) = -5*j(h) - 6*v(h). Let l be g(-7). Suppose -8 + 2 = k + 3*w, 3*w = -4*k + l. List the prime factors of k.
3
Suppose -252 = -f + 4*h, 2*h - 6*h + 804 = 3*f. What are the prime factors of f?
2, 3, 11
Suppose 0 = -2*k - 4*a + 100, -5*a = 4*k - 3*a - 200. List the prime factors of k.
2, 5
Let w(j) = j**3 - 4*j**2 + j + 1. Let z be w(4). Suppose 0 = -z*q + 3*p + 30, 4*q - 62 = -2*p - 16. What are the prime factors of q?
3
Let y(v) = 3*v**2 - 6*v. Let n be y(5). Let u = n + -29. What are the prime factors of u?
2
List the prime factors of (-166)/(-14) - 5/(-35).
2, 3
Let c = 5 - 6. What are the prime factors of (1 - c/(-2))*32?
2
Let u(m) = -m**3 + 5*m**2 - m + 6. Let p be u(5). What are the prime factors of 8*(4 - -1)/p?
2, 5
Suppose 0*j - 8 = -2*j. List the prime factors of 399/12 + (-1)/j.
3, 11
Let d = 0 + -3. Let c(w) = -2*w + 4. List the prime factors of c(d).
2, 5
Let h(i) = -2*i - 4*i - 4 + 3*i + 4*i. What are the prime factors of h(8)?
2
Suppose 2 = -a, -2*a + 9 = -3*s - 5*a. Let u = s + 12. Suppose t - u = -5*p, 3*p = 5*t - 1 - 54. List the prime factors of t.
11
Let j = 34 - 22. Suppose 1 = n - j. Suppose t = 2*m - n, -3*t = 3*m + m - 11. List the prime factors of m.
5
Let g(v) = 4*v + 7. Let y be g(-10). Let m = -1 - y. What are the prime factors of m?
2
Let x = 38 + -7. What are the prime factors of x?
31
Let c = 36 - 23. List the prime factors of c.
13
Suppose 3*d - 5*d = -5*f + 140, -5*d - 140 = -5*f. List the prime factors of f.
2, 7
Suppose -5*u + 792 = 3*u. List the prime factors of u.
3, 11
Suppose 38 + 22 = 6*f. List the prime factors of 5/f + (-65)/(-2).
3, 11
Let m(s) = 16*s + 2. Let a be m(2). List the prime factors of 3/(-9) + a/3.
11
What are the prime factors of 426/24 + 3/12?
2, 3
Suppose o - 6 + 2 = 0. Suppose -4*n - o*v = -28, -5*n + 4*v + 26 = -0*v. List the prime factors of n.
2, 3
Suppose d = f + 9, 5*d - 25 = -4*f + 47. List the prime factors of d.
2, 3
What are the prime factors of (-20)/(-6) + (-4)/(-6)?
2
Let j(h) = 72*h**2 - 2*h + 3. What are the prime factors of j(2)?
7, 41
Suppose 73 + 137 = 3*c. List the prime factors of c.
2, 5, 7
Suppose j + 49 = 2*j. Suppose -j = -3*o - 4*z, -5*o = -3*z - z - 39. Suppose 0 = 2*x - 1 - o. What are the prime factors of x?
2, 3
Let k(s) be the second derivative of -s**4/12 - 2*s**3 - 9*s**2/2 - 6*s. List the prime factors of k(-9).
2, 3
Suppose 4*h - 57 = -y - 9, 5*y = -h + 31. List the prime factors of h.
11
Suppose -30 = -5*x + 3*x. Let f be ((-6)/x)/((-1)/25). What are the prime factors of (0/(-1) - -1) + f?
11
Let s(x) = x**2 - 3*x + 3. List the prime factors of s(4).
7
Let q(m) = 3*m - 4. Let f be q(3). Let g be (2 + -1)*-2*f. List the prime factors of ((-1)/2)/(1/g).
5
Let q(p) = -4*p + 2. List the prime factors of q(-1).
2, 3
Let o(v) = -2*v**2 - 25*v + 3. What are the prime factors of o(-8)?
3, 5
List the prime factors of -2*((-68)/8 + 0).
17
List the prime factors of 104/18 + (-10)/(-45).
2, 3
Let w be (4/6)/((-1)/3). Let t be 8/(-4)*w/(-4). List the prime factors of (2 + t)*(1 - -16).
17
Let h be (2 + -3)/((-2)/(-12)). Let p(y) = y**3 + 6*y**2 - 3*y - 3. List the prime factors of p(h).
3, 5
Let o(l) = 2*l**2 + l + 1. Let j be o(-1). Suppose -j*g + 150 = g. List the prime factors of (-8)/24 - g/(-6).
2
Let b(q) = 2*q + 11. Let y be b(0). Let v = 25 - y. List the prime factors of v.
2, 7
List the prime factors of ((-14)/(-4))/((-9)/(-54)).
3, 7
List the prime factors of ((-22)/(-4))/(8/176).
11
Let r(t) = t**2 + 8*t + 5. What are the prime factors of r(-11)?
2, 19
Let n(p) = -p**2 - 8*p + 0*p**2 + 3 + 0*p + 0*p. Let q be n(-6). Let i = -9 + q. List the prime factors of i.
2, 3
Let u be (24/9 + -2)*3. Suppose -4*p + 88 = -u*y, -y - 22 = -p - 2*y. Let l = 38 - p. List the prime factors of l.
2
Let v(f) = 4*f**2 - 2*f + 1. Suppose 0 = 4*z - 4. Let r be v(z). Suppose r*y = -2*y - 15, b - 2*y - 11 = 0. What are the prime factors of b?
5
Let m(x) = 24*x + 8. List the prime factors of m(12).
2, 37
Let j = -295 + 462. What are the prime factors of j?
167
Let i = -2 + -2. Let n(r) = -r - 4. Let s be n(i). Let j = 5 - s. What are the prime factors of j?
5
Let p be (-32)/(-6) - (-3)/(-9). Suppose -4*a - 13 = -z - 0*a, -3*z + 32 = -p*a. Let y = z - 4. List the prime factors of y.
5
Let q be (-4)/(-4) + 0 - 48. List the prime factors of (q/6)/((-1)/6).
47
Suppose -y + 30 = 4*k + 3, -4*y + 40 = -k. Let v = y + -1. What are the prime factors of v?
2, 5
What are the prime factors of -1 - -96 - (-5 - -7)?
3, 31
Let u = 0 + 5. Suppose 0 = -p + 6*p - u. Suppose -9 + p = -g. What are the prime factors of g?
2
Suppose 0 = -2*v + 45 + 19. Let z = v - 22. List the prime factors of z.
2, 5
Suppose -216 = -3*n - n. What are the prime factors of n?
2, 3
Let v = -3 - 17. Suppose 2*l = 5*l - 90. Let k = l + 